- 5 = 0. Let z(d) = -d**2 - 2 + d**3 - c*d + 0*d**3 + 1 + 2*d**2. What is z(-2)?
-1
Let i(u) = 2*u**2 - 1. Let j be 2 + (-4 + 4)*-1. Calculate i(j).
7
Let q(b) = 2*b**3 - b**2 + 1. Suppose 4*t = t - 3. Let o be (-3)/t*(-12)/(-36). What is q(o)?
2
Suppose -3 = 3*d - 3*z, -3*d + 1 = -3*z - z. Let t = 20 - 18. Let c(s) = -3*s - t*s + 6*s + 3. Determine c(d).
-2
Let q(u) = -5 + 2*u + 1 - 2. Let c be (-2)/(-3) + 52/(-6). Let l = -4 - c. Calculate q(l).
2
Let q(l) be the second derivative of l**5/20 + 5*l**4/12 + 5*l**3/6 + l**2 + 2*l + 5. Let g = 0 - 3. What is q(g)?
5
Let b = 1 + 1. Suppose -4*a - b = -6. Let p(c) = c**2. Let f(l) = -l**3 - 2*l**2 - l - 4. Let y(z) = a*f(z) + 6*p(z). Determine y(3).
2
Let z be 2/9 - (-76)/(-18). Suppose -5*l - 8 = -v, 3*v - 2 = v - 4*l. Let d(m) = 3 - 2*m - 1 + v + m. Give d(z).
9
Let x(a) = -a**3 + 5*a**2 - 6*a + 4. Let v(g) = -g**3 - 6*g**2 - 2*g - 8. Let b = -2 - -7. Suppose b*q + 33 = 3. Let i be v(q). Calculate x(i).
-4
Let z(n) be the third derivative of n**5/60 - n**4/4 + n**3/2 - 6*n**2. Let w be 4/6*(-15)/(-2). Calculate z(w).
-2
Suppose 20 = -0*h - 2*h. Let b = -6 - h. Let f(x) = x + 2. What is f(b)?
6
Let m = -33 + 28. Let i(u) = u**3 + 5*u**2 + u + 2. Determine i(m).
-3
Let j(x) = -x + 1. Suppose 3*v + 3 = 0, -f - 5*v + 1 = 2*f. Suppose 4*p - 5*s - 32 = 0, -4*s + 2*s - f = 2*p. Let m be (1 - (-3)/p)/(-2). Calculate j(m).
2
Suppose 0 = -v - 4*z - 15, 4*v - 3*z - 3 = 2*v. Let t(g) = -g**3 - 3*g**2 + 3*g. Give t(v).
-9
Suppose -2*m + 96 = -2. Suppose 30 = -0*f + 3*f + 2*i, 3*i - m = -5*f. Suppose 2*l - 4*l - f = 0. Let h(n) = -n. Give h(l).
4
Let q be 1/2 - 81/18. Let n(x) = x**3 - 6*x**2 + x. Let s(h) = 4*h**3 - 19*h**2 + 3*h + 1. Let d(a) = 7*n(a) - 2*s(a). What is d(q)?
-6
Let s(q) be the first derivative of -q**3 + q - 50. What is s(1)?
-2
Let m(w) = -6*w**3 - 6*w**3 - w + 13*w**3. Give m(-2).
-6
Let i(l) = l**2 + 2*l - 2*l + 5*l + 4 + 2*l. What is i(-6)?
-2
Suppose 0 = -b + 1, 4*b = -5*s - 8 - 8. Let f(g) = -1 + 1 - 1. Let i(c) = -c**2 - 4*c + 7. Let z(j) = -5*f(j) - i(j). Give z(s).
-2
Let n(v) = 10*v + 2. Let r(u) = 11*u + 2. Let i(c) = -6*n(c) + 5*r(c). Let l(k) = k + 1. Let g(z) = -i(z) - 3*l(z). Determine g(-4).
-9
Let p(a) = 13*a + 9*a + 9*a + 6 - 29*a. What is p(-5)?
-4
Let g(w) = -2*w + 3. Suppose f - 17 = -3*d, 5*d - 28 = -f - f. What is g(d)?
-9
Let g(x) = -x. Let w(j) = -j**2 - 8*j - 1. Let b be w(-8). Let s(n) = -7*n + 8. Let v(q) = b*s(q) + 6*g(q). Give v(6).
-2
Suppose -3*d + 4*d = 5. Let p = -6 + d. Let k(c) = 5*c**2 + 1. What is k(p)?
6
Suppose -3 + 0 = -z. Suppose -4 = 5*y - s - 14, -15 = -z*s. Let l(b) = -b**y + 4*b**2 - 2*b**2 - 3*b**2 - 7 + 0. Determine l(0).
-7
Let x(f) = f**2 - 2*f - 3. Suppose -5*b = 10 - 0. What is x(b)?
5
Let l(h) = 2*h**2 + 3*h + 3. Let b = 5 + -1. Suppose b*d = d. Suppose -5*m + o = 6, 4*m + 5*o + 28 = -d*o. Give l(m).
5
Let c(i) = -i**2 - 4*i + 3. Let k(j) = 4 - j + 0*j + 8*j - j**2. Let f be k(7). Suppose -2*v = f*b - 6, 7*b - 32 = 4*v + 4*b. Determine c(v).
-2
Let g(i) = -2*i - 3. Let y be (-39)/(-15) + 2/5. Give g(y).
-9
Let a(k) = -4*k**3 - k**2 + 5*k. Let s(h) = -2*h**3 + 2*h. Let l(i) = -3*a(i) + 7*s(i). Suppose 0 = x - 0 + 2. Let p = x + 4. Calculate l(p).
-6
Let y(m) = -9*m**3 + 2*m**2 + m. Let d be y(-1). Suppose 4 = -2*v + d. Suppose 5 = -4*f - v. Let q(j) = 3*j. Calculate q(f).
-6
Let z(p) = -p**3 + 5*p**2 - p. Suppose 2*f = 4*f, 4*r - 5*f - 4 = 0. Let a = 6 - r. Determine z(a).
-5
Suppose -k - 25 = 3*k + 5*p, -3*k - 10 = -5*p. Let w(x) = 2*x. Let b(z) = 4*z - 4*z + 3*z. Let q(o) = k*w(o) + 4*b(o). Calculate q(-1).
-2
Let r(l) be the first derivative of 2 + 6*l + l**2 + 2*l**3 + 1/4*l**4. What is r(-6)?
-6
Let l(z) = z**3 + 5*z**2 - 2*z + 7. Let t(f) = 3*f**3 - 3*f**2 - 2*f - 1. Let h be t(-1). Give l(h).
17
Let m be 3*((-4)/(-6) - 2). Let v(k) = k**2 + k. Let l be v(-2). Let f(t) = -4 - 6*t + 3*t**l - 9*t**2 + 5*t**2. Calculate f(m).
4
Let k(x) = -9*x**2 - x + 3*x**2 + 111 - 110. Suppose c + 2 = 3*c. Give k(c).
-6
Let k(a) = a**2 - 9*a - 3. Let b(v) = 2*v**2 - 8*v - 3. Let j(n) = -2*b(n) + 3*k(n). Give j(-10).
7
Let p be 30/(-4)*(-8)/10. Let w(x) = x**2 - 6*x + 5. Determine w(p).
5
Let u(j) be the first derivative of 5*j**4/2 + j + 20. Give u(-1).
-9
Let j = 7 - 0. Let l = -12 + j. Let m(c) = c**2 + 6*c - 3. Calculate m(l).
-8
Let h be (8 + -2 + 0)*1. Let q(g) = g + 2. Give q(h).
8
Suppose -2*x + 0*x - 22 = -5*w, -3*x - 2*w = 14. Let r(p) = p**2 + 8*p + 3. Calculate r(x).
-9
Let g(a) be the first derivative of a**4/4 + a**3/3 - a**2/2 + 2*a - 1. Suppose -5*z + 5*f = 15, -5*f = 2*z - f. What is g(z)?
0
Let i(d) = d**3 + 6*d**2 - 8*d - 1. Let j be ((-30)/20)/(3/14). Give i(j).
6
Suppose 4*s - 8*s - 16 = 0. Let k(w) = -1 + 2 - w**2 + 0*w**2. Let b(j) = -j**2 - j + 1. Let g(h) = s*k(h) + 5*b(h). Calculate g(-4).
5
Let k(q) = q**3 + 3*q**2 - 4*q - 2. Let y = 50 - 34. Suppose -3*h = h - y. Let z(a) = -a. Let j be z(h). Calculate k(j).
-2
Let g(o) = -6*o + 1. Let b be (-3)/(-3) + 0 - -1. Let j = 3 - b. What is g(j)?
-5
Let z(x) = 4*x. Let w(r) = -r**3 + 18*r**2 + 20*r - 16. Let m be w(19). What is z(m)?
12
Let i(f) = -1. Suppose -2*v - 5 - 1 = 0. Let m(w) = w. Let k(j) = v*m(j) - 3*i(j). Give k(2).
-3
Let t(k) = 10*k**3 - 2*k**2 + 1. Let l be 3/(4 + 68/(-20)). Suppose -6*q = -q + l. What is t(q)?
-11
Let o(j) = -4*j - 2. Let y(p) = -p - 1. Let s(h) = -h - 1. Let v(a) = -s(a) + 2*y(a). Let z(u) = -o(u) + 5*v(u). Calculate z(4).
-7
Let c(r) = -3*r + 1. Let y be (-1)/2*(1 + -9). Suppose 36 = 5*m - 5*b + 6, -y*m - 5*b = 21. Let z = m - 2. Calculate c(z).
4
Let j(d) = 10*d + 1. Suppose 5*o + 3*h - 4 = -18, 0 = 3*h + 9. What is j(o)?
-9
Let y(p) = -p**2 + 6*p + 2. Let w be (-4)/(2 + 0) + -82. Let c be 10/4*w/(-35). Calculate y(c).
2
Let m(h) = -3*h - 33. Let q(a) = -2*a - 22. Let y(j) = 5*m(j) - 7*q(j). Give y(0).
-11
Let b(s) = 0 + 5*s**2 - 1 - 5*s - 6. Let x(g) = 4*g**2 - 5*g - 6. Let c(l) = -2*l + 4. Let w be c(4). Let o(h) = w*x(h) + 3*b(h). What is o(5)?
3
Let s(l) = -l**2 - 6*l - 2. Let a(h) = h**2 + 11*h + 26. Let j be a(-6). Give s(j).
6
Let f(j) = 6*j - 1. Let q(s) = -11*s + 2. Let p(y) = 5*f(y) + 3*q(y). Give p(2).
-5
Let t(k) = k + 3. Let u(y) = -2. Let f(h) = 4*t(h) + 6*u(h). Determine f(2).
8
Suppose -2*r - q = -10, r = -3*r + q + 20. Let s(z) = -z + 10. What is s(r)?
5
Let h(u) = -u - 1. Let o(b) = 2*b + 1. Let n(q) = 3*h(q) + 2*o(q). Let g be n(3). Let i(r) = -r + 1. Give i(g).
-1
Suppose 2*g = -3*k + 16, 4*g - 3*g + 3*k = 14. Let i(j) be the third derivative of -j**2 + 0 + 0*j + 1/60*j**5 - 1/8*j**4 + 1/2*j**3. Give i(g).
1
Suppose -5*i = -3*i - 2. Let v be -1 + (1 - (-1 - i)). Let q(l) = 7*l + 3 - 6*l + 0*l - 5. Determine q(v).
0
Suppose -7 = 3*h - 1. Let w(s) be the third derivative of -s**6/120 - s**5/15 - s**4/6 - s**3/3 + 4*s**2. Give w(h).
-2
Suppose -3*d - 2*y + 12 = 0, -5*y + 12 = d - 5. Let a(z) = 0 + 3*z**d - 37*z + 2 + 40*z + z**3. Determine a(-3).
-7
Suppose -2 + 1 = o. Let l(z) = -z**3 - 1. Let v(r) = -6*r**3 - 3*r**2 + 2*r - 2. Let q(x) = o*v(x) + 5*l(x). Suppose -9 = 2*m - 3. Give q(m).
3
Let t be 2/(-3)*3*1. Let h(i) = i. Let p(j) = -j - 3. Suppose -a + 3 = -5*v + 4, 0 = 4*v + a - 8. Let x(y) = v*p(y) - 3*h(y). Calculate x(t).
5
Let r(i) = i**3 - 6*i**2 + 6*i. Suppose -4*l - 7 = -5*q - 25, -3*q = 2*l + 2. Suppose 29 = 5*j - 4*f, -4*j - 2*f - l = -20. Give r(j).
5
Let x(k) = -3*k. Suppose 0 - 3 = -s. Determine x(s).
-9
Let b = 17 - 14. Let a(j) = 4 + 4 + 2*j**3 - j**b + 0*j**3 - 5*j**2 - 9*j. Determine a(6).
-10
Suppose 0*x + 4*x = 4. Let a(b) = 2*b. Let c(v) = -3*v. Let y(k) = 7*a(k) + 5*c(k). What is y(x)?
-1
Let r(s) = s - 1. Let c(y) = 6*y - 1. Let w be c(1). Let f be w/(-10)*4/(-2). Calculate r(f).
0
Suppose 2 = 4*o - 30. Let c = o - 3. Let q(z) = 3 - 3*z + 2*z**2 + 6*z - 3*z**2. Give q(c).
-7
Let w(a) = -a**2 + 3*a + 1. Let v be 3 + 2 - -3*4/(-6). Calculate w(v).
1
Let w(u) = 2*u**3 + 4*u**2 + 3*u + 2. Let f be (-1)/(3/(-6) + 1). Let d be w(f). Let a(p) = -p**3 - 5*p**2 - 6*p - 4. What is a(d)?
4
Let a(o) = -7*o**3 + 6*o**2 + 12*o - 2. Let d(h) = -h**3 + h + 1. Let g(i) = a(i) - 6*d(i). Calculate g(6).
28
Let c = -3 + 4. Let x(l) = -c - l - l + l. Calculate x(0).
-1
Let g(r) = -2*r - 1. Let u be g(-2). Suppose u*v -